-4 - 1) + (-50 - (18 - 68)) - 54?
-61
What is the value of (21 + -15 - 17) + 16 - (12 - 2)?
-5
(-1 - -2 - (-155 - -167) - -14) + -10
-7
What is the value of 132 - 139 - (0 + -46)?
39
What is the value of -66 + 0 - (2649 + -2664) - -137?
86
What is the value of -85 - (-12 - (50 + (-45 - 9)))?
-77
What is (1 - (-22 - -12 - -14)) + 30?
27
What is the value of -38 - 21 - -58 - (3 - 20)?
16
-12 - ((23 - 13) + -9) - (-9 + 17 + -17)
-4
-96 + (-110 - (-204 - -59))
-61
106 + -52 + -46 + 54
62
What is the value of (1 - -3) + (-40 - -2) + 14 + 18?
-2
What is the value of 5 - -1 - (-16 - (-20 - (-20 + 45)))?
-23
What is the value of -81 + 165 + -30 - 142?
-88
21212 - 21296 - (1 - -1 - (0 - -5 - 6))
-87
Calculate 32 - ((-25 - -27 - 28 - -25) + -1 + -9).
43
Evaluate -6 - (83 - (-3 - (-9 - 16))).
-67
What is the value of 1 - 0 - (0 + (1 - -48))?
-48
Evaluate -10 + (-7 - (8 - (-11 + 25))) + -101.
-112
What is the value of (16 - 76) + 71 - (13 - 1)?
-1
What is 19 - -19 - (15 - (-12 - -18))?
29
Evaluate 28 - (52 - 25 - -31) - 27.
-57
What is -2 + 11 + -2 + -55 + 7 + 16?
-25
Calculate (-6 - (-3 + 2)) + (21 - 31) + 4 + 129.
118
What is the value of 25 + (-48 + -1 - 5) + -16?
-45
What is the value of -43 + -2 - (-16 + 47 + -28 - 4)?
-44
(0 + 15 + -10 - 11) + 8 + 26 + 11
39
What is (1 + -18 + 56 - 22) + 32?
49
Evaluate -1 - (4 - 14 - 8) - -43 - (3 + -13).
70
1 + 36 - (33 + (31 + -36 - 11))
20
Evaluate (4 - 1) + -28 - (-558 - -556).
-23
-2 - 2 - ((-13 - (-19 + 6)) + -13 - -46)
-37
Evaluate -17 - (16 + -54 + -15 - 10).
46
Calculate (1 - (10 + (0 - 10))) + 38 - 12.
27
What is the value of 48 + (0 + -53 - -33)?
28
What is the value of 55 - (-15 + 37 + -36)?
69
Calculate 1 + 5 - (-4 + (-6 - (-31 - -15)) - 19).
19
What is (-6 - (-52 + 56) - (-87 + -2 + -3)) + -8?
74
What is the value of -250 + 262 + 1 + -16?
-3
Calculate 120 - ((145 - 174) + 11).
138
Evaluate (-1 - (2 - 22)) + -29 + -85 - 13.
-108
Calculate -11 + 26 + 14 + -107 - -13.
-65
What is the value of -83 - (19 - 80 - -29)?
-51
What is -68 + (90 - -35 - -54) - (-1 + -10)?
122
Evaluate (1 - (-16 - -15)) + 1 - (2 - -10).
-9
What is the value of 27 + 0 - (19 - (-259 - -364))?
113
Evaluate -7 - ((-3 - -2) + -157 + (36 - (-26 - -50))).
139
Evaluate -33 - 2 - (-1717 - -1686).
-4
Evaluate 3 + -101 - ((44 - -13) + -57).
-98
What is 9 + 10 + 5 + 7 + -15 - -13?
29
24 + (29 - (-23 - (-21 - 28)))
27
What is -55 + (-4 - (2 - (2 + 1)) - (534 + -544))?
-48
What is 196 - (-89 + 120) - 97?
68
What is the value of -15 + 29 - 36 - -50 - -4?
32
Calculate 103 - (110 + -45 - 25).
63
9 + 0 + ((-20 - -53) + -14 - (-7 - 2))
37
-1 + -11 + 4 - (-134 + (-21 - -27))
120
What is 95 - 88 - (1 - (24 - 3))?
27
What is (-90 - -107) + (-9 - -41) + -5?
44
Calculate -20 + (62 - -78) + -36.
84
What is -55 + (-4 - -2) - ((9 - 0) + (236 - 246))?
-56
What is (-2 - ((21 - -2) + -25 - (-12 - 0))) + 119?
107
What is the value of -12 + (41 + 15 - 5)?
39
(9 + 2 - 4 - -20 - 7) + 2
22
Evaluate 0 - 104 - (-48 - (-53 + (-1 - 7))).
-117
What is the value of (-9 - (-38 - 9)) + -1 + 0 + 1?
38
18 - ((9 - -15 - 6) + 6) - 33
-39
What is the value of 82 + -69 - (75 - 26)?
-36
What is (141 + -230 - 56) + 179?
34
What is the value of (-3 - 1) + (-5 - (-6 + 14)) + 8 - 22?
-31
Calculate -30 + -51 + 37 - -57.
13
What is the value of -30 - (-18 + (-27 - -57) - (15 - 3))?
-30
Calculate 54 + -100 + 3 + 80.
37
Evaluate (27 - -5 - -47) + ((3 - 6) + 4 - 9).
71
What is 1 - (30 - 54) - (-6 - (4 - 0))?
35
Calculate (-23 + 44 - -69) + (0 - -46).
136
What is the value of 4 + 49 - (858 - 743)?
-62
What is the value of (-121 - -60 - -24) + 4?
-33
What is -107 + (65 - -33 - 60)?
-69
-48 + 35 + -17 - -7 - -66
43
Evaluate -51 + 67 + 0 + -9 + 3 + 5 + 20.
35
Calculate -15 + 92 + -2 + -39.
36
What is (-7 - 4 - -5) + (4 - 6 - (-84 + 10))?
66
What is the value of 19 + 27 + (-81 - -45)?
10
What is -8 - ((-105 - -122) + (15 - 4))?
-36
Evaluate -41 + 5 + 3 + -1 + 29 + -38.
-43
What is 89 - (-62 + (-26 - -166))?
11
What is -25 + 20 + -3 - -18 - -17?
27
What is (7 + (-13 - 9) - (39 - 34)) + 1 + 0?
-19
Evaluate (-16 - 53) + -3 + 30.
-42
-7 + 3 + (1 - 3) - (157 - (-37 - -179))
-21
-2 - (-6 + (23 - 37)) - 8
10
72 - (0 + -5 + 3) - (40 + 26 - 71)
79
Calculate 37 + (-95 - -61) - (1 + 3 + (-142 - 1)).
142
-13 + (2 - 11) + 3 + 26
7
(14 + -12 + -66 - 4 - (0 - 2)) + -8
-74
What is 0 - -1 - 1 - ((55 - 8) + -29 - 14)?
-4
What is 6 + -20 + 2 - ((-15 - -39) + 2)?
-38
What is (-70 - -37 - 6) + -3 - -8?
-34
Evaluate -1 + 0 + 120 - (-28 + (22 - (-30 - -17))).
112
What is the value of 577 + -605 - (0 - (0 + 11))?
-17
What is (26 - (63 + -21)) + -108 - -11?
-113
9 + (46 + 34 - 63)
26
What is the value of -1 + -8 + (0 + 18 + -18 - -44)?
35
What is the value of -10 + 2 + -45 + -11 + 7 + 9 + 0?
-48
Calculate (17 - 19) + -3 + 3 + (3 + 2 - 0).
3
Calculate -39 - -2 - (-387 - -326).
24
Calculate -4 + (3 - -2) + -91 + 488 + -468.
-70
Evaluate 28 - (-29 + 15) - 19 - 23.
0
What is the value of (169 - 163) + -143 - -109?
-28
What is the value of 68 + 1 + -15 + -33?
21
(-6 - -4 - -21) + -588 + 565
-4
What is the value of 5 - -17 - ((-344 - -315 - (-10 + 1)) + 7)?
35
(-21 - 9) + 28 - (-6 + 12 - 60)
52
(3 - (20 + -9 + -27)) + -22
-3
42 + -1 - 30 - (-1 - 25)
37
What is the value of (-221 - (55 - 167)) + -3?
-112
What is the value of 8 + -2 + 9 + -49 + -26 + -7?
-67
What is -46 - (-8 + -1 + 2 + 5 + (-19 - -15))?
-40
Evaluate (0 + 0 - 9) + -3 + 489 + -520.
-43
Evaluate (107 - 4) + (21 - (2 + 33)).
89
What is the value of (7 - -1) + -6 + (10 - 18) + -11 + -23?
-40
Evaluate 7 + -342 + 391 + (-1 + -3 - -23).
75
(-1 - (1 - 49)) + -9 + 29 + -20 + 3
50
Evaluate -13 - (-13 - -19 - -24 - -34).
-77
Evaluate 31 + -22 - (106 - 182).
85
0 - 25 - (-70 - -46) - (-2 + 17)
-16
What is the value of (-155 - -2) + (-403 - -461)?
-95
What is the value of 0 - 8 - 2 - (-1421 - -1361)?
50
Evaluate -9 + -36 + 44 + -49.
-50
What is the value of (1 - (-1 - 2)) + (-175 - -162)?
-9
279 + -277 - (1 - -1 - 39)
39
What is the value of -2 + -17 + 1269 + -1301?
-51
Evaluate (-10 + 10 - (-4 + 6 + -6)) + (-10 - 9).
-15
(41 - 62) + -3 + 2
-22
What is 27 + -3 + -5 + (-1 - 0 - (-74 - -63))?
29
144 + (-1 - 85) + -1 + -4
53
Calculate -3068 + 3084 + (110 - -6).
132
Calculate 5 + (-3 + (20 - 6) - (11 + 10)) + -69.
-74
Calculate 4 - ((-17 - (-110 + 13)) + -8).
-68
What is the value of 22 + (-21 - -21) - 1 - -24?
45
What is the value of ((14 - 35) + 14 - -6) + -39 + -1?
-41
Evaluate -27 + -3 + 5 + 40 - -13.
28
What is the value of -14 - (-15 + 33) - (-14 - -34)?
-52
Calculate 1 + -4 + (48 + -30 + -8 + 26 - 11).
22
What is (35 + -29 - (1 + 25)) + 81?
61
82 - (71 - (-24 + 39))
26
Evaluate (-17 - (-1 - -44)) + 78.
18
What is -103 + 2 - (-21 + 28 + -23 + 9)?
-94
What is the value of -8149 + 8161 + -2 + -8 + 1?
3
Calculate 861 - 863 - ((0 - 2) + (-2 - -25)).
-23
Evaluate 0 + -1 - (-63 + -54 - -115).
1
Calculate (2 - (-2 - -4)) + -1 - (0 + 17 + 3).
-21
What is the value of (-16 - (-2 - (-8 + 17))) + (-81 - 2) - 15?
-103
What is the value of 57 + 6 + -6 - (-14 + 14 + 2)?
55
Evaluate (0 - -30 - -4) + 76 + -80 - 1.
29
What is -95 + (56 - -103) + (-1 - 9)?
54
Evaluate 8 + -2 - 6 - (-17 - (13 - 33)).
-3
Evaluate (-1 - (13 - 4)) + 31 + (-71 - 66).
-116
Evaluate -41 + -28 - (-16 + (13 - -21)).
-87
(71 - 1 - (53 - (6 - -28))) + 2 + 9
62
-3 + 7 + 1 + (45 - (-8 - -33)) + 20
45
Calculate 5 + 5 - (-42 + 8 + 12).
32
Evaluate (-23 - ((77 - 37) + 17)) + -30.
-110
(876 - 793) + -75 + 8
16
Calculate (492 - 512) + (10 - (-2 + 3 + (1 - -2))).
-14
-1 + -15 + (-48 + -55 - -84)
-35
Evaluate -15 + (-10 - (-7 - (-1 + -4 - -1 - -3))).
-19
8 - 26 - (3 + -43 + 36)
-14
Calculate 1 - 3 - (-45 + 1 - (-276 - -173)).
-61
What is the value of -2461 + 2618 + -74 + 1?
84
What is the value of (20 - 13) + 80 + -82?
5
(-35 - -2 - -12) + 2 + 35
16
What is -17 + -2 - (152 - 92) - -23?
-56
Evaluate -19 - (2 - 2 - 2 - (4 - (28 - 21))).
-20
Evaluate 95 + (-59 + 85 - 23).
98
What is the value of 12 - 26 - (-32 - 4)?
22
What is the value of -82 + -1 - (-6438 + 6384)?
-29
(120 + 0 - -83) + -129
74
(-34 - (21 + -11 - -2)) + 18
-28
(3 - (1 - 3)) + 4 + -3 + -39 + 5
-28
Evaluate 7 + 4 + (8 - 20) + 11 - (-1 + 28).
-17
What is the value of -94 - -154 - 59 - (-3 + 1 + 40)?
-37
What is the value of (-51 - -51) + (18 - 3 - 31)?
-16
